{"id":665,"date":"2026-01-29T10:39:02","date_gmt":"2026-01-29T09:39:02","guid":{"rendered":"https:\/\/lessaveursdezohra.fr\/?page_id=665"},"modified":"2026-02-04T09:37:53","modified_gmt":"2026-02-04T08:37:53","slug":"special-evenement","status":"publish","type":"page","link":"https:\/\/lessaveursdezohra.fr\/?page_id=665","title":{"rendered":"SP\u00c9CIAL EVENEMENT"},"content":{"rendered":"\t\t<div data-elementor-type=\"wp-page\" data-elementor-id=\"665\" class=\"elementor elementor-665\">\n\t\t\t\t<div class=\"elementor-element elementor-element-d6426c9 e-flex e-con-boxed e-con e-parent\" data-id=\"d6426c9\" data-element_type=\"container\">\n\t\t\t\t\t<div class=\"e-con-inner\">\n\t\t<div class=\"elementor-element elementor-element-c008e79 e-con-full e-flex e-con e-child\" data-id=\"c008e79\" data-element_type=\"container\">\n\t\t\t\t<div class=\"elementor-element elementor-element-0e50f27 elementor-widget__width-inherit elementor-widget elementor-widget-heading\" data-id=\"0e50f27\" data-element_type=\"widget\" data-widget_type=\"heading.default\">\n\t\t\t\t<div class=\"elementor-widget-container\">\n\t\t\t\t\t<h2 class=\"elementor-heading-title elementor-size-default\"> Plateaux Ftour disponibles !<\/h2>\t\t\t\t<\/div>\n\t\t\t\t<\/div>\n\t\t\t\t<\/div>\n\t\t\t\t\t<\/div>\n\t\t\t\t<\/div>\n\t\t<div class=\"elementor-element elementor-element-70786c1 e-flex e-con-boxed e-con e-parent\" data-id=\"70786c1\" data-element_type=\"container\">\n\t\t\t\t\t<div class=\"e-con-inner\">\n\t\t<div class=\"elementor-element elementor-element-8095995 e-con-full e-flex e-con e-child\" data-id=\"8095995\" data-element_type=\"container\" data-settings=\"{&quot;background_background&quot;:&quot;classic&quot;,&quot;shape_divider_top&quot;:&quot;mountains&quot;,&quot;shape_divider_bottom&quot;:&quot;mountains&quot;}\">\n\t\t\t\t<div class=\"elementor-shape elementor-shape-top\" data-negative=\"false\">\n\t\t\t<svg xmlns=\"http:\/\/www.w3.org\/2000\/svg\" viewBox=\"0 0 1000 100\" preserveAspectRatio=\"none\">\n\t<path class=\"elementor-shape-fill\" opacity=\"0.33\" d=\"M473,67.3c-203.9,88.3-263.1-34-320.3,0C66,119.1,0,59.7,0,59.7V0h1000v59.7 c0,0-62.1,26.1-94.9,29.3c-32.8,3.3-62.8-12.3-75.8-22.1C806,49.6,745.3,8.7,694.9,4.7S492.4,59,473,67.3z\"\/>\n\t<path class=\"elementor-shape-fill\" opacity=\"0.66\" d=\"M734,67.3c-45.5,0-77.2-23.2-129.1-39.1c-28.6-8.7-150.3-10.1-254,39.1 s-91.7-34.4-149.2,0C115.7,118.3,0,39.8,0,39.8V0h1000v36.5c0,0-28.2-18.5-92.1-18.5C810.2,18.1,775.7,67.3,734,67.3z\"\/>\n\t<path class=\"elementor-shape-fill\" d=\"M766.1,28.9c-200-57.5-266,65.5-395.1,19.5C242,1.8,242,5.4,184.8,20.6C128,35.8,132.3,44.9,89.9,52.5C28.6,63.7,0,0,0,0 h1000c0,0-9.9,40.9-83.6,48.1S829.6,47,766.1,28.9z\"\/>\n<\/svg>\t\t<\/div>\n\t\t\t\t<div class=\"elementor-shape elementor-shape-bottom\" data-negative=\"false\">\n\t\t\t<svg xmlns=\"http:\/\/www.w3.org\/2000\/svg\" viewBox=\"0 0 1000 100\" preserveAspectRatio=\"none\">\n\t<path class=\"elementor-shape-fill\" opacity=\"0.33\" d=\"M473,67.3c-203.9,88.3-263.1-34-320.3,0C66,119.1,0,59.7,0,59.7V0h1000v59.7 c0,0-62.1,26.1-94.9,29.3c-32.8,3.3-62.8-12.3-75.8-22.1C806,49.6,745.3,8.7,694.9,4.7S492.4,59,473,67.3z\"\/>\n\t<path class=\"elementor-shape-fill\" opacity=\"0.66\" d=\"M734,67.3c-45.5,0-77.2-23.2-129.1-39.1c-28.6-8.7-150.3-10.1-254,39.1 s-91.7-34.4-149.2,0C115.7,118.3,0,39.8,0,39.8V0h1000v36.5c0,0-28.2-18.5-92.1-18.5C810.2,18.1,775.7,67.3,734,67.3z\"\/>\n\t<path class=\"elementor-shape-fill\" d=\"M766.1,28.9c-200-57.5-266,65.5-395.1,19.5C242,1.8,242,5.4,184.8,20.6C128,35.8,132.3,44.9,89.9,52.5C28.6,63.7,0,0,0,0 h1000c0,0-9.9,40.9-83.6,48.1S829.6,47,766.1,28.9z\"\/>\n<\/svg>\t\t<\/div>\n\t\t\t\t<\/div>\n\t\t<div class=\"elementor-element elementor-element-20e7d64 e-con-full e-flex e-con e-child\" data-id=\"20e7d64\" data-element_type=\"container\">\n\t\t\t\t<div class=\"elementor-element elementor-element-d8b9266 elementor-widget elementor-widget-text-editor\" data-id=\"d8b9266\" data-element_type=\"widget\" data-widget_type=\"text-editor.default\">\n\t\t\t\t<div class=\"elementor-widget-container\">\n\t\t\t\t\t\t\t\t\t<p data-start=\"1640\" data-end=\"1753\">RAMADAN 2026 \u2013 Plateaux Ftour disponibles !<br data-start=\"1686\" data-end=\"1689\" \/>Gagnez du temps et profitez d\u2019un ftour complet, fait maison.<\/p><p data-start=\"1760\" data-end=\"1854\">Formules \u00e0 partir de 10 \u20ac<br data-start=\"1787\" data-end=\"1790\" \/>Commandes individuelles &amp; entreprises<br data-start=\"1829\" data-end=\"1832\" \/>Livraison possible<\/p><p data-start=\"1861\" data-end=\"1928\">\ud83d\udce9 R\u00e9servation par message priv\u00e9<br data-start=\"1893\" data-end=\"1896\" \/>Quantit\u00e9s limit\u00e9es chaque jour<\/p>\t\t\t\t\t\t\t\t<\/div>\n\t\t\t\t<\/div>\n\t\t\t\t<\/div>\n\t\t\t\t\t<\/div>\n\t\t\t\t<\/div>\n\t\t<div class=\"elementor-element elementor-element-52413b3 e-flex e-con-boxed e-con e-parent\" data-id=\"52413b3\" data-element_type=\"container\">\n\t\t\t\t\t<div class=\"e-con-inner\">\n\t\t\t\t<div class=\"elementor-element elementor-element-9dc3d9d elementor-widget elementor-widget-text-editor\" data-id=\"9dc3d9d\" data-element_type=\"widget\" data-widget_type=\"text-editor.default\">\n\t\t\t\t<div class=\"elementor-widget-container\">\n\t\t\t\t\t\t\t\t\t<p style=\"text-align: center;\" data-start=\"159\" data-end=\"242\">Gagnez du temps et profitez d\u2019un ftour <strong data-start=\"198\" data-end=\"237\">fait maison, savoureux et \u00e9quilibr\u00e9<\/strong> \ud83c\udf3f<\/p><p style=\"text-align: left;\" data-start=\"244\" data-end=\"396\">Nous proposons des <strong data-start=\"263\" data-end=\"298\">plateaux ftour personnalisables<\/strong> selon :<br data-start=\"306\" data-end=\"309\" \/>\u2705 Votre budget<br data-start=\"323\" data-end=\"326\" \/>\u2705 Vos envies<br data-start=\"338\" data-end=\"341\" \/>\u2705 Vos besoins (healthy, sans friture, v\u00e9g\u00e9tarien, etc.)<\/p><p style=\"text-align: left;\" data-start=\"398\" data-end=\"530\">Formules disponibles :<br data-start=\"420\" data-end=\"423\" \/>\ud83e\udd57 Healthy &amp; l\u00e9ger\u00a0<br data-start=\"441\" data-end=\"444\" \/>\ud83c\udf57 Classique &amp; g\u00e9n\u00e9reux<br data-start=\"467\" data-end=\"470\" \/>\ud83d\udc68\u200d\ud83d\udc69\u200d\ud83d\udc67\u200d\ud83d\udc66 Familial<br data-start=\"490\" data-end=\"493\" \/>\ud83c\udfe2 Entreprises &amp; commandes group\u00e9es<\/p><p style=\"text-align: left;\" data-start=\"532\" data-end=\"615\">\u2728 Cuisine maison<br data-start=\"548\" data-end=\"551\" \/>\u2728 Produits frais<br data-start=\"567\" data-end=\"570\" \/>\u2728 Options sur mesure<br data-start=\"590\" data-end=\"593\" \/>\u2728 Livraison possible<\/p><p style=\"text-align: center;\" data-start=\"617\" data-end=\"694\">\ud83d\udce9 R\u00e9servez d\u00e8s maintenant par message priv\u00e9<br data-start=\"661\" data-end=\"664\" \/>Quantit\u00e9s limit\u00e9es chaque jour<\/p>\t\t\t\t\t\t\t\t<\/div>\n\t\t\t\t<\/div>\n\t\t\t\t\t<\/div>\n\t\t\t\t<\/div>\n\t\t<div class=\"elementor-element elementor-element-5e2fd69 e-flex e-con-boxed e-con e-parent\" data-id=\"5e2fd69\" data-element_type=\"container\" data-settings=\"{&quot;shape_divider_top&quot;:&quot;mountains&quot;}\">\n\t\t\t\t\t<div class=\"e-con-inner\">\n\t\t\t\t<div class=\"elementor-shape elementor-shape-top\" data-negative=\"false\">\n\t\t\t<svg xmlns=\"http:\/\/www.w3.org\/2000\/svg\" viewBox=\"0 0 1000 100\" preserveAspectRatio=\"none\">\n\t<path class=\"elementor-shape-fill\" opacity=\"0.33\" d=\"M473,67.3c-203.9,88.3-263.1-34-320.3,0C66,119.1,0,59.7,0,59.7V0h1000v59.7 c0,0-62.1,26.1-94.9,29.3c-32.8,3.3-62.8-12.3-75.8-22.1C806,49.6,745.3,8.7,694.9,4.7S492.4,59,473,67.3z\"\/>\n\t<path class=\"elementor-shape-fill\" opacity=\"0.66\" d=\"M734,67.3c-45.5,0-77.2-23.2-129.1-39.1c-28.6-8.7-150.3-10.1-254,39.1 s-91.7-34.4-149.2,0C115.7,118.3,0,39.8,0,39.8V0h1000v36.5c0,0-28.2-18.5-92.1-18.5C810.2,18.1,775.7,67.3,734,67.3z\"\/>\n\t<path class=\"elementor-shape-fill\" d=\"M766.1,28.9c-200-57.5-266,65.5-395.1,19.5C242,1.8,242,5.4,184.8,20.6C128,35.8,132.3,44.9,89.9,52.5C28.6,63.7,0,0,0,0 h1000c0,0-9.9,40.9-83.6,48.1S829.6,47,766.1,28.9z\"\/>\n<\/svg>\t\t<\/div>\n\t\t<div class=\"elementor-element elementor-element-1fd59ab e-con-full e-flex e-con e-child\" data-id=\"1fd59ab\" data-element_type=\"container\" data-settings=\"{&quot;background_background&quot;:&quot;classic&quot;,&quot;shape_divider_top&quot;:&quot;mountains&quot;}\">\n\t\t\t\t<div class=\"elementor-shape elementor-shape-top\" data-negative=\"false\">\n\t\t\t<svg xmlns=\"http:\/\/www.w3.org\/2000\/svg\" viewBox=\"0 0 1000 100\" preserveAspectRatio=\"none\">\n\t<path class=\"elementor-shape-fill\" opacity=\"0.33\" d=\"M473,67.3c-203.9,88.3-263.1-34-320.3,0C66,119.1,0,59.7,0,59.7V0h1000v59.7 c0,0-62.1,26.1-94.9,29.3c-32.8,3.3-62.8-12.3-75.8-22.1C806,49.6,745.3,8.7,694.9,4.7S492.4,59,473,67.3z\"\/>\n\t<path class=\"elementor-shape-fill\" opacity=\"0.66\" d=\"M734,67.3c-45.5,0-77.2-23.2-129.1-39.1c-28.6-8.7-150.3-10.1-254,39.1 s-91.7-34.4-149.2,0C115.7,118.3,0,39.8,0,39.8V0h1000v36.5c0,0-28.2-18.5-92.1-18.5C810.2,18.1,775.7,67.3,734,67.3z\"\/>\n\t<path class=\"elementor-shape-fill\" d=\"M766.1,28.9c-200-57.5-266,65.5-395.1,19.5C242,1.8,242,5.4,184.8,20.6C128,35.8,132.3,44.9,89.9,52.5C28.6,63.7,0,0,0,0 h1000c0,0-9.9,40.9-83.6,48.1S829.6,47,766.1,28.9z\"\/>\n<\/svg>\t\t<\/div>\n\t\t\t\t<\/div>\n\t\t<div class=\"elementor-element elementor-element-a1eb6ed e-con-full e-flex e-con e-child\" data-id=\"a1eb6ed\" data-element_type=\"container\" data-settings=\"{&quot;background_background&quot;:&quot;classic&quot;,&quot;shape_divider_top&quot;:&quot;mountains&quot;}\">\n\t\t\t\t<div class=\"elementor-shape elementor-shape-top\" data-negative=\"false\">\n\t\t\t<svg xmlns=\"http:\/\/www.w3.org\/2000\/svg\" viewBox=\"0 0 1000 100\" preserveAspectRatio=\"none\">\n\t<path class=\"elementor-shape-fill\" opacity=\"0.33\" d=\"M473,67.3c-203.9,88.3-263.1-34-320.3,0C66,119.1,0,59.7,0,59.7V0h1000v59.7 c0,0-62.1,26.1-94.9,29.3c-32.8,3.3-62.8-12.3-75.8-22.1C806,49.6,745.3,8.7,694.9,4.7S492.4,59,473,67.3z\"\/>\n\t<path class=\"elementor-shape-fill\" opacity=\"0.66\" d=\"M734,67.3c-45.5,0-77.2-23.2-129.1-39.1c-28.6-8.7-150.3-10.1-254,39.1 s-91.7-34.4-149.2,0C115.7,118.3,0,39.8,0,39.8V0h1000v36.5c0,0-28.2-18.5-92.1-18.5C810.2,18.1,775.7,67.3,734,67.3z\"\/>\n\t<path class=\"elementor-shape-fill\" d=\"M766.1,28.9c-200-57.5-266,65.5-395.1,19.5C242,1.8,242,5.4,184.8,20.6C128,35.8,132.3,44.9,89.9,52.5C28.6,63.7,0,0,0,0 h1000c0,0-9.9,40.9-83.6,48.1S829.6,47,766.1,28.9z\"\/>\n<\/svg>\t\t<\/div>\n\t\t\t\t<\/div>\n\t\t<div class=\"elementor-element elementor-element-91975a9 e-con-full e-flex e-con e-child\" data-id=\"91975a9\" data-element_type=\"container\" data-settings=\"{&quot;background_background&quot;:&quot;classic&quot;,&quot;shape_divider_bottom&quot;:&quot;mountains&quot;}\">\n\t\t\t\t<div class=\"elementor-shape elementor-shape-bottom\" data-negative=\"false\">\n\t\t\t<svg xmlns=\"http:\/\/www.w3.org\/2000\/svg\" viewBox=\"0 0 1000 100\" preserveAspectRatio=\"none\">\n\t<path class=\"elementor-shape-fill\" opacity=\"0.33\" d=\"M473,67.3c-203.9,88.3-263.1-34-320.3,0C66,119.1,0,59.7,0,59.7V0h1000v59.7 c0,0-62.1,26.1-94.9,29.3c-32.8,3.3-62.8-12.3-75.8-22.1C806,49.6,745.3,8.7,694.9,4.7S492.4,59,473,67.3z\"\/>\n\t<path class=\"elementor-shape-fill\" opacity=\"0.66\" d=\"M734,67.3c-45.5,0-77.2-23.2-129.1-39.1c-28.6-8.7-150.3-10.1-254,39.1 s-91.7-34.4-149.2,0C115.7,118.3,0,39.8,0,39.8V0h1000v36.5c0,0-28.2-18.5-92.1-18.5C810.2,18.1,775.7,67.3,734,67.3z\"\/>\n\t<path class=\"elementor-shape-fill\" d=\"M766.1,28.9c-200-57.5-266,65.5-395.1,19.5C242,1.8,242,5.4,184.8,20.6C128,35.8,132.3,44.9,89.9,52.5C28.6,63.7,0,0,0,0 h1000c0,0-9.9,40.9-83.6,48.1S829.6,47,766.1,28.9z\"\/>\n<\/svg>\t\t<\/div>\n\t\t\t\t<\/div>\n\t\t<div class=\"elementor-element elementor-element-5e9226e e-con-full e-flex e-con e-child\" data-id=\"5e9226e\" data-element_type=\"container\" data-settings=\"{&quot;background_background&quot;:&quot;classic&quot;,&quot;shape_divider_bottom&quot;:&quot;mountains&quot;}\">\n\t\t\t\t<div class=\"elementor-shape elementor-shape-bottom\" data-negative=\"false\">\n\t\t\t<svg xmlns=\"http:\/\/www.w3.org\/2000\/svg\" viewBox=\"0 0 1000 100\" preserveAspectRatio=\"none\">\n\t<path class=\"elementor-shape-fill\" opacity=\"0.33\" d=\"M473,67.3c-203.9,88.3-263.1-34-320.3,0C66,119.1,0,59.7,0,59.7V0h1000v59.7 c0,0-62.1,26.1-94.9,29.3c-32.8,3.3-62.8-12.3-75.8-22.1C806,49.6,745.3,8.7,694.9,4.7S492.4,59,473,67.3z\"\/>\n\t<path class=\"elementor-shape-fill\" opacity=\"0.66\" d=\"M734,67.3c-45.5,0-77.2-23.2-129.1-39.1c-28.6-8.7-150.3-10.1-254,39.1 s-91.7-34.4-149.2,0C115.7,118.3,0,39.8,0,39.8V0h1000v36.5c0,0-28.2-18.5-92.1-18.5C810.2,18.1,775.7,67.3,734,67.3z\"\/>\n\t<path class=\"elementor-shape-fill\" d=\"M766.1,28.9c-200-57.5-266,65.5-395.1,19.5C242,1.8,242,5.4,184.8,20.6C128,35.8,132.3,44.9,89.9,52.5C28.6,63.7,0,0,0,0 h1000c0,0-9.9,40.9-83.6,48.1S829.6,47,766.1,28.9z\"\/>\n<\/svg>\t\t<\/div>\n\t\t\t\t<\/div>\n\t\t\t\t\t<\/div>\n\t\t\t\t<\/div>\n\t\t<div class=\"elementor-element elementor-element-d72f2ed e-flex e-con-boxed e-con e-parent\" data-id=\"d72f2ed\" data-element_type=\"container\">\n\t\t\t\t\t<div class=\"e-con-inner\">\n\t\t\t\t<div class=\"elementor-element elementor-element-55869f1 elementor-widget elementor-widget-spacer\" data-id=\"55869f1\" data-element_type=\"widget\" data-widget_type=\"spacer.default\">\n\t\t\t\t<div class=\"elementor-widget-container\">\n\t\t\t\t\t\t\t<div class=\"elementor-spacer\">\n\t\t\t<div class=\"elementor-spacer-inner\"><\/div>\n\t\t<\/div>\n\t\t\t\t\t\t<\/div>\n\t\t\t\t<\/div>\n\t\t\t\t\t<\/div>\n\t\t\t\t<\/div>\n\t\t<div class=\"elementor-element elementor-element-86a189c e-flex e-con-boxed e-con e-parent\" data-id=\"86a189c\" data-element_type=\"container\">\n\t\t\t\t\t<div class=\"e-con-inner\">\n\t\t\t\t<div class=\"elementor-element elementor-element-dc9c2ca elementor-align-center elementor-widget__width-inherit e-transform e-transform e-transform elementor-invisible elementor-widget elementor-widget-button\" data-id=\"dc9c2ca\" data-element_type=\"widget\" data-settings=\"{&quot;_animation&quot;:&quot;bounceIn&quot;,&quot;_transform_rotateZ_effect&quot;:{&quot;unit&quot;:&quot;px&quot;,&quot;size&quot;:0,&quot;sizes&quot;:[]},&quot;_transform_rotate_3d&quot;:&quot;yes&quot;,&quot;_transform_perspective_effect&quot;:{&quot;unit&quot;:&quot;px&quot;,&quot;size&quot;:0,&quot;sizes&quot;:[]},&quot;_transform_skewX_effect&quot;:{&quot;unit&quot;:&quot;px&quot;,&quot;size&quot;:0,&quot;sizes&quot;:[]},&quot;_transform_scale_effect_hover&quot;:{&quot;unit&quot;:&quot;px&quot;,&quot;size&quot;:0.3,&quot;sizes&quot;:[]},&quot;_transform_rotateZ_effect_tablet&quot;:{&quot;unit&quot;:&quot;deg&quot;,&quot;size&quot;:&quot;&quot;,&quot;sizes&quot;:[]},&quot;_transform_rotateZ_effect_mobile&quot;:{&quot;unit&quot;:&quot;deg&quot;,&quot;size&quot;:&quot;&quot;,&quot;sizes&quot;:[]},&quot;_transform_rotateX_effect&quot;:{&quot;unit&quot;:&quot;px&quot;,&quot;size&quot;:&quot;&quot;,&quot;sizes&quot;:[]},&quot;_transform_rotateX_effect_tablet&quot;:{&quot;unit&quot;:&quot;deg&quot;,&quot;size&quot;:&quot;&quot;,&quot;sizes&quot;:[]},&quot;_transform_rotateX_effect_mobile&quot;:{&quot;unit&quot;:&quot;deg&quot;,&quot;size&quot;:&quot;&quot;,&quot;sizes&quot;:[]},&quot;_transform_rotateY_effect&quot;:{&quot;unit&quot;:&quot;px&quot;,&quot;size&quot;:&quot;&quot;,&quot;sizes&quot;:[]},&quot;_transform_rotateY_effect_tablet&quot;:{&quot;unit&quot;:&quot;deg&quot;,&quot;size&quot;:&quot;&quot;,&quot;sizes&quot;:[]},&quot;_transform_rotateY_effect_mobile&quot;:{&quot;unit&quot;:&quot;deg&quot;,&quot;size&quot;:&quot;&quot;,&quot;sizes&quot;:[]},&quot;_transform_perspective_effect_tablet&quot;:{&quot;unit&quot;:&quot;px&quot;,&quot;size&quot;:&quot;&quot;,&quot;sizes&quot;:[]},&quot;_transform_perspective_effect_mobile&quot;:{&quot;unit&quot;:&quot;px&quot;,&quot;size&quot;:&quot;&quot;,&quot;sizes&quot;:[]},&quot;_transform_skewX_effect_tablet&quot;:{&quot;unit&quot;:&quot;deg&quot;,&quot;size&quot;:&quot;&quot;,&quot;sizes&quot;:[]},&quot;_transform_skewX_effect_mobile&quot;:{&quot;unit&quot;:&quot;deg&quot;,&quot;size&quot;:&quot;&quot;,&quot;sizes&quot;:[]},&quot;_transform_skewY_effect&quot;:{&quot;unit&quot;:&quot;px&quot;,&quot;size&quot;:&quot;&quot;,&quot;sizes&quot;:[]},&quot;_transform_skewY_effect_tablet&quot;:{&quot;unit&quot;:&quot;deg&quot;,&quot;size&quot;:&quot;&quot;,&quot;sizes&quot;:[]},&quot;_transform_skewY_effect_mobile&quot;:{&quot;unit&quot;:&quot;deg&quot;,&quot;size&quot;:&quot;&quot;,&quot;sizes&quot;:[]},&quot;_transform_scale_effect_hover_tablet&quot;:{&quot;unit&quot;:&quot;px&quot;,&quot;size&quot;:&quot;&quot;,&quot;sizes&quot;:[]},&quot;_transform_scale_effect_hover_mobile&quot;:{&quot;unit&quot;:&quot;px&quot;,&quot;size&quot;:&quot;&quot;,&quot;sizes&quot;:[]}}\" data-widget_type=\"button.default\">\n\t\t\t\t<div class=\"elementor-widget-container\">\n\t\t\t\t\t\t\t\t\t<div class=\"elementor-button-wrapper\">\n\t\t\t\t\t<a class=\"elementor-button elementor-button-link elementor-size-sm\" href=\"https:\/\/lessaveursdezohra.fr\/?page_id=2\">\n\t\t\t\t\t\t<span class=\"elementor-button-content-wrapper\">\n\t\t\t\t\t\t\t\t\t<span class=\"elementor-button-text\">Demandez un devis<\/span>\n\t\t\t\t\t<\/span>\n\t\t\t\t\t<\/a>\n\t\t\t\t<\/div>\n\t\t\t\t\t\t\t\t<\/div>\n\t\t\t\t<\/div>\n\t\t\t\t\t<\/div>\n\t\t\t\t<\/div>\n\t\t<div class=\"elementor-element elementor-element-8b1d7c9 e-flex e-con-boxed e-con e-parent\" data-id=\"8b1d7c9\" data-element_type=\"container\">\n\t\t\t\t\t<div class=\"e-con-inner\">\n\t\t\t\t<div class=\"elementor-element elementor-element-9524dcf elementor-widget elementor-widget-spacer\" data-id=\"9524dcf\" data-element_type=\"widget\" data-widget_type=\"spacer.default\">\n\t\t\t\t<div class=\"elementor-widget-container\">\n\t\t\t\t\t\t\t<div class=\"elementor-spacer\">\n\t\t\t<div class=\"elementor-spacer-inner\"><\/div>\n\t\t<\/div>\n\t\t\t\t\t\t<\/div>\n\t\t\t\t<\/div>\n\t\t\t\t\t<\/div>\n\t\t\t\t<\/div>\n\t\t\t\t<\/div>\n\t\t","protected":false},"excerpt":{"rendered":"<p>Plateaux Ftour disponibles ! RAMADAN 2026 \u2013 Plateaux Ftour disponibles !Gagnez du temps et profitez d\u2019un ftour complet, fait maison. Formules \u00e0 partir de 10 \u20acCommandes individuelles &amp; entreprisesLivraison possible \ud83d\udce9 R\u00e9servation par message priv\u00e9Quantit\u00e9s limit\u00e9es chaque jour Gagnez du temps et profitez d\u2019un ftour fait maison, savoureux et \u00e9quilibr\u00e9 \ud83c\udf3f Nous proposons des plateaux [&hellip;]<\/p>\n","protected":false},"author":1,"featured_media":0,"parent":0,"menu_order":0,"comment_status":"closed","ping_status":"closed","template":"","meta":{"footnotes":""},"class_list":["post-665","page","type-page","status-publish","hentry"],"yoast_head":"<!-- This site is optimized with the Yoast SEO plugin v24.9 - https:\/\/yoast.com\/wordpress\/plugins\/seo\/ -->\n<title>SP\u00c9CIAL EVENEMENT - LES SAVEURS DE ZOHRA<\/title>\n<meta name=\"robots\" content=\"index, follow, max-snippet:-1, max-image-preview:large, max-video-preview:-1\" \/>\n<link rel=\"canonical\" href=\"https:\/\/lessaveursdezohra.fr\/?page_id=665\" \/>\n<meta property=\"og:locale\" content=\"fr_FR\" \/>\n<meta property=\"og:type\" content=\"article\" \/>\n<meta property=\"og:title\" content=\"SP\u00c9CIAL EVENEMENT - LES SAVEURS DE ZOHRA\" \/>\n<meta property=\"og:description\" content=\"Plateaux Ftour disponibles ! RAMADAN 2026 \u2013 Plateaux Ftour disponibles !Gagnez du temps et profitez d\u2019un ftour complet, fait maison. Formules \u00e0 partir de 10 \u20acCommandes individuelles &amp; entreprisesLivraison possible \ud83d\udce9 R\u00e9servation par message priv\u00e9Quantit\u00e9s limit\u00e9es chaque jour Gagnez du temps et profitez d\u2019un ftour fait maison, savoureux et \u00e9quilibr\u00e9 \ud83c\udf3f Nous proposons des plateaux [&hellip;]\" \/>\n<meta property=\"og:url\" content=\"https:\/\/lessaveursdezohra.fr\/?page_id=665\" \/>\n<meta property=\"og:site_name\" content=\"LES SAVEURS DE ZOHRA\" \/>\n<meta property=\"article:modified_time\" content=\"2026-02-04T08:37:53+00:00\" \/>\n<meta name=\"twitter:card\" content=\"summary_large_image\" \/>\n<meta name=\"twitter:label1\" content=\"Dur\u00e9e de lecture estim\u00e9e\" \/>\n\t<meta name=\"twitter:data1\" content=\"4 minutes\" \/>\n<script type=\"application\/ld+json\" class=\"yoast-schema-graph\">{\"@context\":\"https:\/\/schema.org\",\"@graph\":[{\"@type\":\"WebPage\",\"@id\":\"https:\/\/lessaveursdezohra.fr\/?page_id=665\",\"url\":\"https:\/\/lessaveursdezohra.fr\/?page_id=665\",\"name\":\"SP\u00c9CIAL EVENEMENT - LES SAVEURS DE ZOHRA\",\"isPartOf\":{\"@id\":\"https:\/\/lessaveursdezohra.fr\/#website\"},\"datePublished\":\"2026-01-29T09:39:02+00:00\",\"dateModified\":\"2026-02-04T08:37:53+00:00\",\"breadcrumb\":{\"@id\":\"https:\/\/lessaveursdezohra.fr\/?page_id=665#breadcrumb\"},\"inLanguage\":\"fr-FR\",\"potentialAction\":[{\"@type\":\"ReadAction\",\"target\":[\"https:\/\/lessaveursdezohra.fr\/?page_id=665\"]}]},{\"@type\":\"BreadcrumbList\",\"@id\":\"https:\/\/lessaveursdezohra.fr\/?page_id=665#breadcrumb\",\"itemListElement\":[{\"@type\":\"ListItem\",\"position\":1,\"name\":\"Accueil\",\"item\":\"https:\/\/lessaveursdezohra.fr\/\"},{\"@type\":\"ListItem\",\"position\":2,\"name\":\"SP\u00c9CIAL EVENEMENT\"}]},{\"@type\":\"WebSite\",\"@id\":\"https:\/\/lessaveursdezohra.fr\/#website\",\"url\":\"https:\/\/lessaveursdezohra.fr\/\",\"name\":\"LES SAVEURS DE ZOHRA\",\"description\":\"\",\"publisher\":{\"@id\":\"https:\/\/lessaveursdezohra.fr\/#organization\"},\"potentialAction\":[{\"@type\":\"SearchAction\",\"target\":{\"@type\":\"EntryPoint\",\"urlTemplate\":\"https:\/\/lessaveursdezohra.fr\/?s={search_term_string}\"},\"query-input\":{\"@type\":\"PropertyValueSpecification\",\"valueRequired\":true,\"valueName\":\"search_term_string\"}}],\"inLanguage\":\"fr-FR\"},{\"@type\":\"Organization\",\"@id\":\"https:\/\/lessaveursdezohra.fr\/#organization\",\"name\":\"LES SAVEURS DE ZOHRA\",\"url\":\"https:\/\/lessaveursdezohra.fr\/\",\"logo\":{\"@type\":\"ImageObject\",\"inLanguage\":\"fr-FR\",\"@id\":\"https:\/\/lessaveursdezohra.fr\/#\/schema\/logo\/image\/\",\"url\":\"https:\/\/lessaveursdezohra.fr\/wp-content\/uploads\/2026\/02\/cropped-cropped-cropped-L-1.png\",\"contentUrl\":\"https:\/\/lessaveursdezohra.fr\/wp-content\/uploads\/2026\/02\/cropped-cropped-cropped-L-1.png\",\"width\":512,\"height\":512,\"caption\":\"LES SAVEURS DE ZOHRA\"},\"image\":{\"@id\":\"https:\/\/lessaveursdezohra.fr\/#\/schema\/logo\/image\/\"}}]}<\/script>\n<!-- \/ Yoast SEO plugin. -->","yoast_head_json":{"title":"SP\u00c9CIAL EVENEMENT - LES SAVEURS DE ZOHRA","robots":{"index":"index","follow":"follow","max-snippet":"max-snippet:-1","max-image-preview":"max-image-preview:large","max-video-preview":"max-video-preview:-1"},"canonical":"https:\/\/lessaveursdezohra.fr\/?page_id=665","og_locale":"fr_FR","og_type":"article","og_title":"SP\u00c9CIAL EVENEMENT - LES SAVEURS DE ZOHRA","og_description":"Plateaux Ftour disponibles ! RAMADAN 2026 \u2013 Plateaux Ftour disponibles !Gagnez du temps et profitez d\u2019un ftour complet, fait maison. Formules \u00e0 partir de 10 \u20acCommandes individuelles &amp; entreprisesLivraison possible \ud83d\udce9 R\u00e9servation par message priv\u00e9Quantit\u00e9s limit\u00e9es chaque jour Gagnez du temps et profitez d\u2019un ftour fait maison, savoureux et \u00e9quilibr\u00e9 \ud83c\udf3f Nous proposons des plateaux [&hellip;]","og_url":"https:\/\/lessaveursdezohra.fr\/?page_id=665","og_site_name":"LES SAVEURS DE ZOHRA","article_modified_time":"2026-02-04T08:37:53+00:00","twitter_card":"summary_large_image","twitter_misc":{"Dur\u00e9e de lecture estim\u00e9e":"4 minutes"},"schema":{"@context":"https:\/\/schema.org","@graph":[{"@type":"WebPage","@id":"https:\/\/lessaveursdezohra.fr\/?page_id=665","url":"https:\/\/lessaveursdezohra.fr\/?page_id=665","name":"SP\u00c9CIAL EVENEMENT - LES SAVEURS DE ZOHRA","isPartOf":{"@id":"https:\/\/lessaveursdezohra.fr\/#website"},"datePublished":"2026-01-29T09:39:02+00:00","dateModified":"2026-02-04T08:37:53+00:00","breadcrumb":{"@id":"https:\/\/lessaveursdezohra.fr\/?page_id=665#breadcrumb"},"inLanguage":"fr-FR","potentialAction":[{"@type":"ReadAction","target":["https:\/\/lessaveursdezohra.fr\/?page_id=665"]}]},{"@type":"BreadcrumbList","@id":"https:\/\/lessaveursdezohra.fr\/?page_id=665#breadcrumb","itemListElement":[{"@type":"ListItem","position":1,"name":"Accueil","item":"https:\/\/lessaveursdezohra.fr\/"},{"@type":"ListItem","position":2,"name":"SP\u00c9CIAL EVENEMENT"}]},{"@type":"WebSite","@id":"https:\/\/lessaveursdezohra.fr\/#website","url":"https:\/\/lessaveursdezohra.fr\/","name":"LES SAVEURS DE ZOHRA","description":"","publisher":{"@id":"https:\/\/lessaveursdezohra.fr\/#organization"},"potentialAction":[{"@type":"SearchAction","target":{"@type":"EntryPoint","urlTemplate":"https:\/\/lessaveursdezohra.fr\/?s={search_term_string}"},"query-input":{"@type":"PropertyValueSpecification","valueRequired":true,"valueName":"search_term_string"}}],"inLanguage":"fr-FR"},{"@type":"Organization","@id":"https:\/\/lessaveursdezohra.fr\/#organization","name":"LES SAVEURS DE ZOHRA","url":"https:\/\/lessaveursdezohra.fr\/","logo":{"@type":"ImageObject","inLanguage":"fr-FR","@id":"https:\/\/lessaveursdezohra.fr\/#\/schema\/logo\/image\/","url":"https:\/\/lessaveursdezohra.fr\/wp-content\/uploads\/2026\/02\/cropped-cropped-cropped-L-1.png","contentUrl":"https:\/\/lessaveursdezohra.fr\/wp-content\/uploads\/2026\/02\/cropped-cropped-cropped-L-1.png","width":512,"height":512,"caption":"LES SAVEURS DE ZOHRA"},"image":{"@id":"https:\/\/lessaveursdezohra.fr\/#\/schema\/logo\/image\/"}}]}},"_links":{"self":[{"href":"https:\/\/lessaveursdezohra.fr\/index.php?rest_route=\/wp\/v2\/pages\/665","targetHints":{"allow":["GET"]}}],"collection":[{"href":"https:\/\/lessaveursdezohra.fr\/index.php?rest_route=\/wp\/v2\/pages"}],"about":[{"href":"https:\/\/lessaveursdezohra.fr\/index.php?rest_route=\/wp\/v2\/types\/page"}],"author":[{"embeddable":true,"href":"https:\/\/lessaveursdezohra.fr\/index.php?rest_route=\/wp\/v2\/users\/1"}],"replies":[{"embeddable":true,"href":"https:\/\/lessaveursdezohra.fr\/index.php?rest_route=%2Fwp%2Fv2%2Fcomments&post=665"}],"version-history":[{"count":40,"href":"https:\/\/lessaveursdezohra.fr\/index.php?rest_route=\/wp\/v2\/pages\/665\/revisions"}],"predecessor-version":[{"id":816,"href":"https:\/\/lessaveursdezohra.fr\/index.php?rest_route=\/wp\/v2\/pages\/665\/revisions\/816"}],"wp:attachment":[{"href":"https:\/\/lessaveursdezohra.fr\/index.php?rest_route=%2Fwp%2Fv2%2Fmedia&parent=665"}],"curies":[{"name":"wp","href":"https:\/\/api.w.org\/{rel}","templated":true}]}}